t z be f(d). What is the tens digit of (-510)/(-25)*z/(-9)?
6
Let w be 78/4*(-28)/(-6). Suppose 56*j = 64*j - 1248. Let a = j - w. What is the tens digit of a?
6
Suppose 43*t - 23*t - 31*t = -239778. What is the thousands digit of t?
1
Suppose 0*t = -8*t - 408. Let z = t - -75. What is the tens digit of (-60)/((-2)/(-10) + z/(-45))?
8
Suppose 254*n = 5*l + 257*n - 6760, 0 = -5*l + 4*n + 6725. What is the thousands digit of l?
1
Suppose 5*j - 17 = 13. Let i(d) = 54*d - 14. What is the units digit of i(j)?
0
What is the ten thousands digit of 5449980/190 + 3*(-6)/171?
2
Let f(a) = 380*a**2 - 2*a - 18. What is the thousands digit of f(-3)?
3
Let h be (-3)/6 + 168/16. Suppose h*c - 1712 - 1228 = 0. What is the hundreds digit of c?
2
Let a(x) = -91*x + 1370. Let b be a(15). Let p = 330 + -156. Suppose h - p = -b*h. What is the tens digit of h?
2
Let g be -2 + 10 + (-8)/2. Let f = -19 + g. Let n = f + 21. What is the units digit of n?
6
Suppose 369*m - 1042 = 367*m. Let d = m + -187. What is the units digit of d?
4
Let c(z) be the third derivative of z**6/120 - 7*z**5/30 + 17*z**4/24 - 11*z**3/6 - 83*z**2. What is the tens digit of c(14)?
2
Let v(l) = l**2 - 13*l - 9. Let m be v(7). Let i be 106/14 + (-3)/(-7). Let g = i - m. What is the units digit of g?
9
Let i be (-2)/(-15) - (-714)/45. Suppose n - r + i = 0, -4*n = 4*r + r + 91. Let o(w) = -w**3 - 20*w**2 - 27*w - 34. What is the tens digit of o(n)?
1
What is the ten thousands digit of 14/(-70) - (-118912)/10?
1
Suppose 0 = 24*p - 1939 - 2813. Suppose -k + z + 299 = 0, 5*k - z = -2*z + 1483. Let d = k - p. What is the units digit of d?
9
Suppose i = -5*r + 13256, 2*r = -3*i + 1839 + 37981. What is the ten thousands digit of i?
1
Let v(w) = -6*w + 51. Let p(b) = -3*b + 26. Let l(g) = 5*p(g) - 3*v(g). Let y be l(12). What is the tens digit of y/39*(1 + 185)?
6
Let h be (4/(-10))/(2 - (-486)/(-240)). Suppose 3*a + 3*u = 1077, 12*u - h*u = -16. What is the units digit of a?
5
Let a = -5559 - -11051. What is the hundreds digit of a?
4
Let z(i) = 224*i**3 - 3*i + 2. Let q be z(1). Suppose 10*k = -5*r + 14*k + 538, 2*r - q = -k. What is the units digit of r?
0
Let a = 2 + 0. Suppose 60 = 47*o - 35*o. Suppose -a*y - 3*t = -91, o*y - 296 = t - 94. What is the tens digit of y?
4
Suppose 166*b - 9241992 = -89*b + 39*b. What is the tens digit of b?
8
Let m(c) be the third derivative of 0*c - 1/24*c**4 + 0 - 1/6*c**3 + 4*c**2 + 37/120*c**6 + 1/20*c**5. What is the tens digit of m(1)?
3
Let y be (-1)/3 + 2310/45. Suppose -y*b = -48500 + 15860. What is the tens digit of b?
4
Let q(z) = -z**3 + 20*z**2 - 3*z + 17. Let w be q(15). Let h = w + -598. What is the hundreds digit of h?
4
Suppose 2*p = -y - 2, -p + 4*y = -0*p - 17. Suppose 4*r = l - 3 - p, 0 = -3*r - 6. What is the units digit of (-1749)/(-44) + (-1)/l?
0
Let y = 20 + -9. Suppose -y*w + 3*w = -2*w. Suppose -61 = -a - z + 5*z, w = 3*a + 4*z - 135. What is the tens digit of a?
4
Let y = -309 + 311. What is the tens digit of 634 + (-14 + 20)/((-3)/y)?
3
Let m(o) = -17*o + 14. Suppose 11*p + 63 = 2*p. Let h be m(p). Suppose h = -5*i + 448. What is the units digit of i?
3
Suppose 3*h + 6 = 0, -4*z = -2*h - h - 22. Let w(i) = -4*i - 5. Let v be w(-5). Suppose 2*t = 7*t + v, 4*t = -z*d + 256. What is the units digit of d?
7
What is the thousands digit of (7/2)/((-433)/(-1509438))?
2
Suppose 5*m = 10*m + 35. Let g(c) = -3*c - 22. Let f be g(m). What is the hundreds digit of (-123)/f - (-1 + 3 + 1)?
1
Suppose -h = -4, -5*r - 2*h = -3*r + 1452. What is the hundreds digit of (72/(-18) - (0 + r)) + 2?
7
Let s(r) = 19*r**2 - 18*r - 298. What is the ten thousands digit of s(-40)?
3
Suppose -1825*i = -1648*i - 104607. What is the hundreds digit of i?
5
What is the thousands digit of 20 + 986/(-51) - 12037/(-3)?
4
Let n(i) = i**2 + 26*i + 6. Let t be (2 + -1)*-4 + -20. Let w be n(t). Let v = 142 - w. What is the hundreds digit of v?
1
Let y be 2 - ((-25)/(-5))/(-5). Suppose -108 = z - 2*s - y, -5*z + 3*s = 511. Let f = 182 + z. What is the tens digit of f?
8
Suppose 0*n + 2*n - 11132 = 5620. What is the hundreds digit of n?
3
Let t(d) = 64*d + 134. Let a be 248/18 + 38/171. What is the hundreds digit of t(a)?
0
Let x = -4 + 6. Let h be 6*7*(-3)/(-42). Suppose 4*l = -h*n + 280, x*l = 3*l - 2*n - 59. What is the tens digit of l?
6
Let n = -1231 + 1759. Suppose -732 = 2*p - 4*r, 0 = 5*r + 12 + 13. Let v = n + p. What is the units digit of v?
2
Let z be 28/(-8)*-12*-1. Let o be ((-20)/(-14))/((-12)/z). Suppose -412 = -o*d - 3*t, 2*d + d + 4*t - 256 = 0. What is the units digit of d?
0
Let h(r) = -16*r + 44. Let o(p) = -10*p**2 + 8*p - 11. Let u be o(2). What is the hundreds digit of h(u)?
6
What is the units digit of 19 - (-20 - 71234) - -27?
0
What is the thousands digit of ((1944/(-90) - 11) + 2)*(-795)/1?
4
Let x = 81 - 411. Let z = x - -610. What is the tens digit of z?
8
Let y(k) = -k**3 + 21*k**2 - 17*k - 30. Let r be y(20). Suppose -161*a + r = -158*a. What is the units digit of a?
0
Suppose 63 = 3*j - 6*x + x, 19 = j - x. What is the units digit of 226*4/j*-2*-5?
5
What is the hundreds digit of ((-3)/(-9))/(114/7888572)?
0
Let b(u) = -u**3 + 9*u**2 + 10*u + 2. Let n be b(10). What is the hundreds digit of (372 - 9) + 2*4/n?
3
Let c(j) = -95*j**3 - 7*j**2 + 171*j + 1270. What is the thousands digit of c(-7)?
2
Let w be (-1 + 1893)/(77 - 79). Let x = 743 - w. What is the thousands digit of x?
1
Let m = -45 - -203. Suppose m*s + 1377 = 161*s. Let i = s + -281. What is the units digit of i?
8
Let j = -7695 + 12616. What is the hundreds digit of j?
9
Let j(t) = t. Let q(f) = -3. Suppose 0 = -v + 3*l + 8, 2 = -l - 1. Let w(h) = v*q(h) + 5*j(h). What is the units digit of w(7)?
8
Suppose 0 = 4*z - 3*b - 574, 0 = 5*z + 8*b - 3*b - 700. Let m = -20 + z. What is the units digit of m?
2
Let f be (-6)/(-12) + 22/4. Suppose -5*w + 488 - 48 = 5*j, 0 = -3*j + f. Let h = -45 + w. What is the tens digit of h?
4
Suppose 20505 = -5*w - 4*x + 149752, 5*x - 129250 = -5*w. What is the ten thousands digit of w?
2
Let s be (5/(-3))/(0 + 2/(-12)). Let v(n) = 3*n**2 - 2 + 9*n - s*n - 11*n. What is the tens digit of v(9)?
3
Let z(l) = 2*l + 43. Let t be z(0). Suppose k = t + 68. Suppose 0 = 4*u - k - 345. What is the units digit of u?
4
Let b(o) = 2*o**3 - 69*o**2 - 35*o + 2. Let s be b(35). Suppose f = s*k - 440, 0*k + 2*k = -4*f + 440. What is the units digit of k?
0
Let q(f) = -8*f + 32. Suppose 0 = -3*l - o - 27 + 5, l = -3*o - 10. Let b(c) = c**3 + 6*c**2 - 4*c + 15. Let g be b(l). What is the tens digit of q(g)?
8
Let a = 6934 + 15070. What is the hundreds digit of a?
0
Suppose 0 = -4*z - 4*s + 2440, -20*s = 4*z - 22*s - 2470. What is the hundreds digit of z?
6
Suppose -i = -r - 2, 2*r - 16 = -6*i + 4*i. Suppose -11*h + 4*g + 556 = -7*h, -i*g = -3*h + 407. What is the units digit of h?
4
Suppose 10*i + 2*i - 8424 = 0. Suppose 2*k - 3*p - i + 81 = 0, -1249 = -4*k - p. What is the hundreds digit of k?
3
Suppose -4*y - 32 = -4*r, -6*y + 2*y + 2*r = 30. Let w be (-17 - y)/(-2 - 0). Suppose -2*z = -z + 4*k - 45, w*z = 4*k + 129. What is the units digit of z?
9
Let c be 13/1*(13 - 12). Let v(d) = 4*d - 7. Let g be v(c). Suppose 25 = s - g. What is the units digit of s?
0
Let g(b) = 4*b**3 - 5*b + 13. Let r be g(5). Suppose -4*w + 5*k = -6*w - r, 5*w - k = -1274. Let a = -62 - w. What is the units digit of a?
2
Let k be 2/3 + (14504/(-6))/(-4). Let o = k - 1379. What is the hundreds digit of (-9)/((-3)/1 + o/(-261))?
2
Let g be (0 - -1)*(-2 - 3). Let s(d) = d**3 + 9*d**2 + 16*d - 6. Let t be s(g). Let h = t - 11. What is the units digit of h?
3
What is the hundreds digit of ((-48)/54)/((-22)/18909)?
7
Let t be (62/22 - 2) + (-10)/(-55). What is the units digit of (-8630)/(-20) + (t/(-2) - 0)?
1
Let t = -14815 - -41766. What is the units digit of t?
1
Suppose u - 7 + 1 = 0. Suppose 4*g + 4*v - 1460 = 0, -3*g = -u*g - 4*v + 1095. What is the tens digit of g?
6
Let k = 3860 + -2052. Suppose -58*i + k = -16694. What is the hundreds digit of i?
3
Let p = -14 + 13. Let b be (1*-172)/p - 0. Suppose -300 = -4*q - w, -w + b = 3*q - 52. What is the tens digit of q?
7
Suppose -k = 4*p - 4, 0 = -2*k - 6 - 2. What is the units digit of ((-18)/(-15))/(p/1795)?
7
Let w = -630 + 632. Suppose -w*k + 50